ded by 110?
26
Calculate the remainder when 103214 is divided by 51602.
10
What is the remainder when 574 is divided by 13?
2
What is the remainder when 3492 is divided by 183?
15
What is the remainder when 8658 is divided by 44?
34
Calculate the remainder when 111 is divided by 6.
3
What is the remainder when 1110 is divided by 553?
4
What is the remainder when 32404 is divided by 1044?
40
Calculate the remainder when 2090 is divided by 686.
32
Calculate the remainder when 2571 is divided by 2554.
17
What is the remainder when 30562 is divided by 29?
25
What is the remainder when 2049 is divided by 1833?
216
Calculate the remainder when 1305 is divided by 31.
3
What is the remainder when 64500 is divided by 771?
507
Calculate the remainder when 7940 is divided by 48.
20
What is the remainder when 57355 is divided by 162?
7
Calculate the remainder when 44864 is divided by 7477.
2
What is the remainder when 61462 is divided by 31?
20
Calculate the remainder when 3839 is divided by 192.
191
Calculate the remainder when 12970 is divided by 1179.
1
Calculate the remainder when 99996 is divided by 32.
28
What is the remainder when 21375 is divided by 534?
15
What is the remainder when 17918 is divided by 128?
126
What is the remainder when 3538 is divided by 86?
12
Calculate the remainder when 456 is divided by 112.
8
Calculate the remainder when 6895 is divided by 2128.
511
What is the remainder when 2449 is divided by 1038?
373
What is the remainder when 308184 is divided by 22?
8
Calculate the remainder when 63395 is divided by 7924.
3
Calculate the remainder when 2125 is divided by 25.
0
Calculate the remainder when 6026 is divided by 865.
836
What is the remainder when 34030 is divided by 1173?
13
What is the remainder when 34250 is divided by 50?
0
Calculate the remainder when 277093 is divided by 367.
8
What is the remainder when 2367 is divided by 307?
218
Calculate the remainder when 8476 is divided by 9.
7
What is the remainder when 1958745 is divided by 44?
41
Calculate the remainder when 3863 is divided by 3845.
18
Calculate the remainder when 3369 is divided by 449.
226
What is the remainder when 10384 is divided by 14?
10
Calculate the remainder when 48906 is divided by 466.
442
What is the remainder when 7132 is divided by 2134?
730
Calculate the remainder when 3248 is divided by 3236.
12
Calculate the remainder when 943 is divided by 254.
181
Calculate the remainder when 9722 is divided by 139.
131
Calculate the remainder when 125521 is divided by 25101.
16
What is the remainder when 352174 is divided by 1518?
1516
Calculate the remainder when 4912 is divided by 491.
2
What is the remainder when 85276 is divided by 20?
16
Calculate the remainder when 1708696 is divided by 153.
145
Calculate the remainder when 3670 is divided by 718.
80
What is the remainder when 212746 is divided by 212746?
0
Calculate the remainder when 11279 is divided by 5616.
47
What is the remainder when 76662 is divided by 38326?
10
What is the remainder when 735 is divided by 35?
0
What is the remainder when 1230820 is divided by 434?
430
What is the remainder when 118463 is divided by 43?
41
Calculate the remainder when 7069 is divided by 283.
277
Calculate the remainder when 55766 is divided by 66.
62
What is the remainder when 143196 is divided by 1884?
12
Calculate the remainder when 48276 is divided by 121.
118
What is the remainder when 204797 is divided by 279?
11
What is the remainder when 1735 is divided by 1692?
43
Calculate the remainder when 6425433 is divided by 1101.
1098
Calculate the remainder when 716 is divided by 26.
14
What is the remainder when 10232 is divided by 1344?
824
Calculate the remainder when 1618466 is divided by 735.
731
Calculate the remainder when 7360 is divided by 2251.
607
Calculate the remainder when 29794 is divided by 14633.
528
What is the remainder when 5278157 is divided by 291?
290
Calculate the remainder when 486403 is divided by 15.
13
Calculate the remainder when 76461 is divided by 6.
3
What is the remainder when 2610 is divided by 325?
10
What is the remainder when 13663 is divided by 13640?
23
Calculate the remainder when 4674 is divided by 797.
689
What is the remainder when 12950 is divided by 5195?
2560
What is the remainder when 43782 is divided by 33?
24
What is the remainder when 2048 is divided by 86?
70
Calculate the remainder when 76 is divided by 51.
25
Calculate the remainder when 170687 is divided by 261.
254
What is the remainder when 756052 is divided by 445?
442
Calculate the remainder when 6623 is divided by 1070.
203
Calculate the remainder when 12895 is divided by 16.
15
What is the remainder when 2321 is divided by 464?
1
Calculate the remainder when 1386 is divided by 409.
159
What is the remainder when 835023 is divided by 29?
26
What is the remainder when 6526 is divided by 6348?
178
Calculate the remainder when 98961 is divided by 63.
51
Calculate the remainder when 60792 is divided by 6078.
12
What is the remainder when 24119 is divided by 148?
143
Calculate the remainder when 2683 is divided by 554.
467
What is the remainder when 4449 is divided by 27?
21
What is the remainder when 15956 is divided by 120?
116
What is the remainder when 16473 is divided by 5?
3
What is the remainder when 5602 is divided by 1703?
493
Calculate the remainder when 3107 is divided by 31.
7
Calculate the remainder when 355333 is divided by 2207.
6
What is the remainder when 18911 is divided by 102?
41
Calculate the remainder when 216 is divided by 11.
7
What is the remainder when 26551 is divided by 542?
535
What is the remainder when 263998 is divided by 528?
526
Calculate the remainder when 29122 is divided by 24.
10
What is the remainder when 1099 is divided by 253?
87
Calculate the remainder when 523 is divided by 420.
103
Calculate the remainder when 11503 is divided by 22.
19
Calculate the remainder when 51934 is divided by 541.
539
Calculate the remainder when 448 is divided by 160.
128
What is the remainder when 669001 is divided by 70?
11
Calculate the remainder when 23260 is divided by 1368.
4
Calculate the remainder when 72581 is divided by 99.
14
Calculate the remainder when 3660 is divided by 1028.
576
Calculate the remainder when 25976 is divided by 432.
56
Calculate the remainder when 14096 is divided by 243.
2
Calculate the remainder when 34759 is divided by 109.
97
Calculate the remainder when 3261 is divided by 578.
371
What is the remainder when 115655 is divided by 181?
177
What is the remainder when 2823 is divided by 2814?
9
What is the remainder when 406411 is divided by 203202?
7
What is the remainder when 22477 is divided by 174?
31
What is the remainder when 5678 is divided by 1832?
182
What is the remainder when 105596 is divided by 660?
656
What is the remainder when 421427 is divided by 251?
249
What is the remainder when 25166 is divided by 307?
299
Calculate the remainder when 1323 is divided by 907.
416
What is the remainder when 7573 is divided by 1?
0
Calculate the remainder when 23174 is divided by 22948.
226
Calculate the remainder when 9781 is divided by 211.
75
Calculate the remainder when 1281856 is divided by 139.
137
What is the remainder when 733 is divided by 22?
7
What is the remainder when 6202 is divided by 17?
14
What is the remainder when 259834 is divided by 5?
4
What is the remainder when 83895 is divided by 2996?
7
Calculate the remainder when 15315 is divided by 2186.
13
Calculate the remainder when 1955 is divided by 243.
11
What is the remainder when 1632 is divided by 181?
3
Calculate the remainder when 384821 is divided by 54972.
17
Calculate the remainder when 8244286 is divided by 167.
164
What is the remainder when 142653 is divided by 24?
21
What is the remainder when 37303 is divided by 23?
20
What is the remainder when 14610 is divided by 858?
24
Calculate the remainder when 9325 is divided by 31.
25
Calculate the remainder when 1286 is divided by 134.
80
What is the remainder when 36187 is divided by 10?
7
Calculate the remainder when 11244 is divided by 120.
84
Calculate the remainder when 20812 is divided by 35.
22
Calculate the remainder when 185847 is divided by 30.
27
Calculate the remainder when 60901 is divided by 1353.
16
What is t